ommon divisor of 17 and 3166571657?
17
Calculate the greatest common factor of 75284 and 1539428.
2596
Calculate the greatest common divisor of 16920 and 4305717.
423
What is the greatest common divisor of 224667772 and 18704?
4676
Calculate the greatest common factor of 3710 and 113526.
742
What is the highest common factor of 3224045 and 484?
121
What is the highest common factor of 2479928 and 1672?
88
Calculate the highest common factor of 1195700 and 4400.
1100
What is the highest common divisor of 130339 and 102818397?
3179
What is the highest common divisor of 200 and 14261630?
10
Calculate the greatest common divisor of 398659550 and 150.
50
What is the highest common divisor of 13189 and 15793228?
1199
What is the highest common divisor of 14727753 and 218?
109
What is the greatest common divisor of 4446 and 37211310?
342
Calculate the highest common factor of 17041456 and 32.
16
Calculate the greatest common divisor of 17402509 and 1776211.
10897
What is the greatest common divisor of 1116019 and 67?
67
What is the greatest common factor of 524 and 1273189?
131
What is the greatest common divisor of 11123879 and 2?
1
What is the greatest common divisor of 9752847 and 195?
39
What is the greatest common factor of 361061 and 19431?
127
Calculate the greatest common divisor of 6986325 and 13935.
15
What is the highest common factor of 118 and 1040736400?
118
Calculate the highest common factor of 96 and 514322064.
48
What is the highest common factor of 4 and 58241?
1
What is the highest common factor of 6191255 and 1771?
161
Calculate the greatest common divisor of 2536 and 67126018.
634
What is the greatest common divisor of 4005792 and 15372?
252
What is the greatest common divisor of 226 and 118377896?
226
What is the greatest common divisor of 1310054 and 73882?
1802
Calculate the greatest common factor of 704 and 14455232.
704
Calculate the highest common divisor of 1763 and 73444.
43
Calculate the highest common divisor of 55625338 and 17686.
478
What is the greatest common divisor of 281421 and 14742?
189
Calculate the greatest common factor of 77696 and 49072.
16
What is the greatest common factor of 2464000 and 35420?
1540
Calculate the greatest common factor of 20160 and 144090.
90
Calculate the greatest common factor of 18032 and 782789406.
2254
What is the highest common divisor of 817 and 3082713?
43
Calculate the highest common factor of 54541916 and 25844.
3692
What is the highest common divisor of 209855 and 300048?
893
What is the highest common factor of 266481 and 86130?
261
Calculate the greatest common factor of 444899027 and 37281.
12427
Calculate the greatest common factor of 222131 and 4823.
91
Calculate the highest common divisor of 149905364 and 7714.
266
What is the greatest common divisor of 123 and 163268683?
41
What is the greatest common factor of 98037885 and 30?
15
Calculate the highest common factor of 2002 and 295841.
91
What is the highest common divisor of 4032 and 428205?
3
Calculate the greatest common divisor of 12228 and 603132.
12
Calculate the highest common divisor of 2365855 and 165.
5
Calculate the greatest common factor of 161859976 and 1016.
1016
Calculate the highest common divisor of 82336 and 2436631.
2573
What is the highest common divisor of 350000 and 1417920?
560
Calculate the highest common factor of 6968505 and 143850.
2055
Calculate the highest common factor of 414297081 and 99.
99
Calculate the greatest common factor of 45 and 281661.
3
What is the highest common factor of 37 and 26317915?
37
Calculate the greatest common factor of 9496660 and 40.
20
What is the greatest common factor of 213607437 and 2307?
2307
What is the highest common factor of 301 and 43492694?
301
What is the greatest common factor of 430 and 44256202?
86
Calculate the highest common factor of 75500 and 573875.
125
What is the greatest common divisor of 2359 and 1164890713?
2359
What is the greatest common divisor of 861 and 333494?
287
Calculate the highest common divisor of 8890 and 1761270.
70
What is the highest common factor of 1841372 and 544?
68
What is the greatest common divisor of 164395 and 1374989?
539
What is the greatest common factor of 10329 and 30723?
33
Calculate the highest common divisor of 13728 and 4158.
66
Calculate the greatest common divisor of 1247 and 1245151.
43
What is the greatest common factor of 126055625 and 7645?
695
What is the highest common factor of 82474 and 2237634?
602
What is the greatest common factor of 76855925 and 100?
25
What is the highest common divisor of 139757436 and 777?
777
Calculate the greatest common factor of 12691328 and 3952.
208
What is the highest common divisor of 29993 and 16999?
89
What is the greatest common factor of 6566895 and 585?
45
What is the highest common factor of 4 and 13541161?
1
Calculate the greatest common factor of 1464 and 9855831.
183
What is the highest common divisor of 8092296 and 288?
72
What is the highest common divisor of 22197 and 148029?
147
Calculate the highest common factor of 252570 and 50010.
30
What is the greatest common divisor of 169889490 and 45?
45
Calculate the greatest common divisor of 399 and 3825916.
19
Calculate the greatest common factor of 10608 and 2733056.
272
What is the highest common factor of 3714201 and 3105?
621
Calculate the highest common divisor of 7971889 and 371.
53
Calculate the greatest common divisor of 96 and 16256928.
96
Calculate the greatest common factor of 135209847 and 2381.
2381
What is the highest common divisor of 1514816568 and 72?
72
What is the greatest common divisor of 116715191 and 4652?
1163
Calculate the highest common divisor of 47385 and 2522745.
405
What is the greatest common divisor of 26639 and 9564968?
1567
Calculate the greatest common factor of 2678 and 2613934.
206
Calculate the greatest common factor of 111643505 and 10.
5
What is the greatest common factor of 90 and 197168670?
90
Calculate the highest common factor of 189097 and 810313.
719
What is the highest common divisor of 1912 and 2413661?
239
Calculate the highest common divisor of 2514 and 7417976.
838
Calculate the highest common divisor of 834442332 and 72.
12
Calculate the highest common divisor of 510 and 150609885.
255
Calculate the greatest common divisor of 7051 and 267619.
11
Calculate the highest common divisor of 147 and 168378.
21
Calculate the greatest common factor of 12 and 396558.
6
Calculate the greatest common factor of 42033 and 1167.
3
Calculate the highest common factor of 42322 and 2291434.
6046
What is the highest common divisor of 17 and 44994648?
17
What is the highest common factor of 442204515 and 270?
135
What is the highest common factor of 786531873 and 687?
687
Calculate the greatest common divisor of 7577052 and 56.
28
Calculate the greatest common factor of 30 and 6920830.
10
Calculate the greatest common factor of 717 and 20594869.
239
Calculate the highest common divisor of 68886 and 747598.
86
Calculate the highest common factor of 422531076 and 111807.
12423
Calculate the highest common factor of 182 and 384247318.
182
Calculate the greatest common divisor of 168236 and 1437404.
548
Calculate the greatest common divisor of 28034105 and 3740.
935
Calculate the greatest common divisor of 1423954 and 527.
527
Calculate the greatest common factor of 17820 and 1987260.
660
Calculate the greatest common factor of 1717 and 1060579.
17
Calculate the highest common factor of 1673068 and 14.
2
What is the greatest common factor of 5093179 and 12376?
91
Calculate the greatest common divisor of 126846 and 1073.
29
Calculate the highest common factor of 680720 and 1474.
134
What is the highest common factor of 504 and 139060152?
504
What is the highest common factor of 195525708 and 1356?
1356
What is the greatest common factor of 48024980 and 19780?
860
What is the greatest common factor of 1568 and 2506987?
49
What is the greatest common divisor of 2142 and 3082338?
2142
Calculate the highest common factor of 3329892 and 162.
18
Calculate the highest common factor of 2941836 and 3618.
402
Calculate the greatest common divisor of 766422 and 44346.
114
What is the greatest common factor of 49227537 and 38?
19
Calculate the greatest common factor of 306 and 1534216.